m).
7
Let c(j) = j - j**2 + 0*j**2 - 5*j + 5*j. Let g(a) = -a**2 - a + 5. Let b(d) = -2*c(d) + g(d). Suppose -4*r + 22 = 3*i, -2*r + 3*i - 18 = -5*r. What is b(r)?
9
Let s(f) = 2*f + 2. Let n(a) be the second derivative of -a**3/2 - a**2 - 3*a. Let l(r) = -3*n(r) - 4*s(r). What is l(4)?
2
Let v(u) = -u**3 + 4*u**2 - 2. Suppose 6*o - 18 + 0 = 0. What is v(o)?
7
Suppose 0*b = -2*d + 4*b - 14, 3*d - 4 = b. Let k(t) = -6*t**2 - 3*t**3 + 2*t**3 - 2*t + d + 4. Give k(-5).
-8
Let a = 117 - 123. Let y(o) = o**2 + 8*o - 5. Determine y(a).
-17
Suppose 15 = q + 4*q. Suppose 0 = a + q*a. Let b(w) = w**3 - w + 5. Determine b(a).
5
Let g(c) = -c - 4. Let l = -9 - -29. Let q = -10 - -16. Let r be ((-24)/l)/(q/20). Calculate g(r).
0
Suppose -2*v = -5*v + 3*w - 9, 2*w - 4 = 4*v. Let b(t) be the first derivative of -t**4/4 + 2*t**3/3 - t**2/2 + 5. Determine b(v).
0
Suppose -129 - 6 = 27*w. Let s(h) be the second derivative of h**4/24 - h**3/2 - h**2/2 + h. Let d(b) be the first derivative of s(b). Give d(w).
-8
Let r(o) = -o**3 - o**2 + o + 6. Let g be r(0). Let w(q) be the second derivative of -q**5/20 + 5*q**4/12 + 5*q**3/6 + 3*q**2 - 3*q. Calculate w(g).
0
Let c(s) = -s**2 + 4*s + 2. Let x be c(3). Let v(a) be the first derivative of -a**3/3 + 2*a**2 + 7*a + 2. Calculate v(x).
2
Let j = -9 - -14. Suppose 3*s + r = 3*r - 4, 0 = -j*s + 3*r - 8. Let z(b) = -b**2 - 2*b + 4. Determine z(s).
-4
Let l(o) be the first derivative of -o**2/2 - o + 51. Suppose 3*j + 6 + 9 = 0. Give l(j).
4
Let q = -4 + 7. Let u = -8 + q. Let n(s) = 3*s**3 + 13 - 11 - 9*s**3 - 6*s + 5*s**3 - 6*s**2. Determine n(u).
7
Let p = -10 + 6. Let j(m) = 6*m**3 - m**2 - 4*m. Let s(o) = 5*o**3 - 3*o. Let x(c) = p*s(c) + 3*j(c). Let k(q) = 4*q + 50. Let b be k(-13). Calculate x(b).
4
Let m(x) = 4*x - 2. Let b(j) = -5*j + 2. Let h(p) = -5*b(p) - 6*m(p). Suppose f - 14 = -4*c, -19 - 3 = -2*f - 5*c. What is h(f)?
8
Let b(s) be the first derivative of -s**4/12 - 7*s**3/6 - 3*s**2/2 + 4*s - 5. Let v(f) be the first derivative of b(f). Suppose 5*z + 20 = z. Determine v(z).
7
Let b(j) be the second derivative of 5*j**3/6 + 3*j**2/2 + j. Let o = 69 - 101. Let q be (-9)/4 - 8/o. Calculate b(q).
-7
Let t(f) = f**3 - 17*f**2 - 17*f - 23. Let x be t(18). Let p(q) = -q. Determine p(x).
5
Let p(t) = t**3 + 1 - 2 + 9*t - 7 - 7*t**2. Suppose -8 = -3*g + 10. What is p(g)?
10
Let g(r) be the second derivative of r**4/12 + r**3 + r**2 - 2*r. Suppose 4*k + 20 = 2*w, -9*w = 5*k - 8*w + 18. What is g(k)?
-6
Suppose -2*d = 3*o + 4, -4*d + d - 2*o - 11 = 0. Let t = 6 + d. Let r = t + 0. Let g(c) = 4*c + 1. Determine g(r).
5
Let z be ((-8)/10)/((-4)/20). Suppose -2 = z*r + 6. Let w(t) = -4*t + 7. Let j(g) = 8*g - 15. Let q(y) = 6*j(y) + 13*w(y). Give q(r).
9
Suppose 8*s + 4 = 4*s. Let j(h) = 4*h**3 - 1. Calculate j(s).
-5
Let k(g) = -4*g**2 - g + 8. Let z(x) = 4*x**2 - 17 + 2*x + 2*x**2 + x**2. Let d(c) = 5*k(c) + 3*z(c). What is d(0)?
-11
Let w(r) be the first derivative of 3*r**2/2 - 2*r + 3. Let f be ((-5)/(-3))/(2/6). What is w(f)?
13
Suppose 4*o - s = -19, 0*o + 3*s + 27 = -2*o. Let i(y) = -y**3 - 5*y**2 + 4*y - 3. Give i(o).
9
Let f(q) = q**2 + 12*q + 22. Let k be f(-9). Let x(o) = -o - 12. Determine x(k).
-7
Suppose 4 = 2*p - 10. Let x(u) = u + u**2 + 9*u - 2*u**2 - p. Give x(9).
2
Suppose -l - 3*l + 144 = 0. Let d(y) = -20 + l - 20 - y. Determine d(0).
-4
Let r = -3 - -9. Let v(s) = 4*s - 8. What is v(r)?
16
Let n(h) = h**3 + 4*h**2 + 2*h - 1. Let z = 10 - 7. Let d = 5 - z. Let u be (1/d)/((-2)/8). Give n(u).
3
Let t(y) = -4*y - 10. Let m(z) = z + 3. Let k(u) = -7*m(u) - 2*t(u). Let v(c) = 3*c + 4. Let l(x) = 4*k(x) - v(x). Give l(7).
-1
Let h(r) = r**3 - 3*r**2 - 4*r + 4. Let p(g) = 4*g + 0 - 4*g - g - 3. Let k be p(-7). What is h(k)?
4
Let y = -7 - -4. Let z(a) = 2*a + 4*a - a**3 + 5*a - 3*a**2 - 4 - 12*a. What is z(y)?
-1
Let g(u) be the third derivative of 1/3*u**3 + 1/24*u**4 + 0*u + 0 + u**2. Give g(-4).
-2
Let m(w) = -w**2 - 8*w + 3. Let f be m(-8). Let g(q) = 4*q**2 - 3*q - 8. Let o(c) = -9*c**2 + 6*c + 17. Let p(k) = f*o(k) + 7*g(k). Calculate p(4).
-1
Let c(j) = 4*j**3 - j - 1. Suppose -4*s + 28 = 4. Let h = 8 - s. Suppose 0 = 5*y - h + 7. What is c(y)?
-4
Let v(b) = -2*b + 1. Let i be v(2). Let c be 0 + -3 - i - 3. Let t be -1 - c*(-2)/(-3). Let g(f) = -f**3 - 1. Give g(t).
-2
Suppose 2*x - k = 9, 5*k - 3*k + 8 = -x. Let y(a) = a**2 - a + 2. Calculate y(x).
4
Let p(w) = -w + 11. Let s be p(8). Let v(c) = -c**2 + 11 + c + c - s*c. What is v(0)?
11
Let h(q) = q**2 - 2*q + 2. Let t be h(2). Let v be (20/15)/(t/(-6)). Let n(l) = 0*l - 2*l + l. What is n(v)?
4
Let x(g) be the second derivative of -g**3/6 - g**2/2 + 30*g. Give x(7).
-8
Let a(l) be the second derivative of l**5/20 + l**4/3 - 2*l**3/3 + 2*l**2 + 2*l. Suppose 3*g = 5*g + 10. Determine a(g).
-1
Suppose -4*u - u + 5*r + 30 = 0, 5*r = -u - 6. Let d(w) = -7*w**2 - 12*w - 1. Let k(x) = -3*x**2 - 6*x. Let h(n) = 4*d(n) - 9*k(n). What is h(u)?
4
Let i(a) = 5 - 127*a**2 - a**3 + 5*a - 2 + 132*a**2. Calculate i(6).
-3
Let f(t) be the first derivative of t**4/4 - t**3 - 3*t**2 + 3*t + 17. Suppose -2*y - 20 = -7*y. Calculate f(y).
-5
Let l(p) be the first derivative of p**6/360 - p**4/12 - p**3 - 1. Let c(m) be the third derivative of l(m). Suppose 2 + 0 = w. Determine c(w).
2
Let l(r) = -r**2 + 7*r - 4. Let k be l(6). Let m(d) = 3*d + 1. Determine m(k).
7
Let f = 17 - 11. Let q(t) = t - 7. Let w(s) = s - 5*s + 50 - 23. Let g(p) = 22*q(p) + 6*w(p). Determine g(f).
-4
Let l(u) = 45*u - 50*u + u**2 - 1 + 7. Let c be l(4). Let h(s) = -5*s - 4. Let n(b) = b + 1. Let i(q) = 4*h(q) + 18*n(q). Calculate i(c).
-2
Let f(q) = -4*q - 5. Suppose 0*h - 3*h - r = 9, 0 = -2*h + 4*r - 20. Let z be 9/2*h/3. Let m(b) = -b - 1. Let j(l) = z*m(l) + f(l). What is j(-1)?
-1
Let o = -2/15 + 7/15. Let t(m) be the second derivative of 0 + o*m**3 + m + 5/2*m**2. Give t(-4).
-3
Let t(s) = -s**3 + 3*s**2 + 2*s + 4. Suppose 2*o - 4*p = 2, -2*o = -3*p + 5*p - 20. Let x = o + -4. Give t(x).
10
Let g(x) = 6*x**2 + x**3 + 1 - 2 + 0*x**2 + 2. What is g(-6)?
1
Let t(u) be the third derivative of 0*u + 0 + 1/120*u**5 + 0*u**3 + 1/240*u**6 + u**2 + 1/24*u**4. Let z(h) be the second derivative of t(h). Calculate z(-2).
-5
Let a(b) = b + 1. Let c(z) = -z - 7. Let s(v) = -3*a(v) - c(v). What is s(4)?
-4
Let t(d) be the third derivative of d**5/30 - 13*d**2. Let v be 2/(-1) - (-1 - -1). Determine t(v).
8
Let g(u) = -u + 4. Let h(l) = -2*l + 36. Let f be h(16). Give g(f).
0
Let d be (-3*1)/(1/(-3)). Suppose -v = 2*v - d. Let c(x) = -6 - 4*x - v*x**3 + 7*x - 4*x**2 + 2*x**3. Calculate c(-5).
4
Suppose -25 = -v - 4*v. Let s(r) be the second derivative of 0 + r + 0*r**3 - 1/20*r**5 + 1/2*r**2 + 5/12*r**4. What is s(v)?
1
Let i(d) = 5*d**3 - 6*d**3 - d**2 - 1 - d**2 - d. Let p(h) = -h + 2. Let m be p(4). Determine i(m).
1
Let r(c) = 3*c**2 - c + 2. Let q(f) = 9*f**2 - 3*f + 5. Let v(m) = -4*q(m) + 11*r(m). What is v(2)?
-8
Let c(x) be the first derivative of -x**4 + x**3/3 + x**2/2 + x + 23. Determine c(-1).
5
Let n(f) = -2*f - 6. Let y(c) = -2*c - 5. Let t(r) = -3*n(r) + 2*y(r). Calculate t(-7).
-6
Let u(y) be the third derivative of y**5/60 + y**4/8 + y**3/3 + 13*y**2. Calculate u(-3).
2
Suppose t - 6 = 2*t. Let i(b) = 2*b + 7. Let r be i(t). Let p(g) = -g**3 - 5*g**2 + 2*g + 7. What is p(r)?
-3
Let o(j) = j**3 + 5*j**2 - 4*j. Let n(y) = -6*y + 73. Let p be n(13). Determine o(p).
20
Let t(g) = -g**3 - g**2 - g - 2. Suppose 0*x + x = -3. Let r = x + 1. Let o = r - -2. Give t(o).
-2
Suppose -5*v + j = -10*v + 3, 2*j = v - 5. Let p(u) = -4*u**3 + u**2 - u + 1. What is p(v)?
-3
Let a(j) = -j**2 - 2*j - 2. Let u(c) = -2*c. Let b be u(-1). Let o be (0 + 1)*(3 - b). Suppose -o = -t - 5. What is a(t)?
-10
Let i(y) be the first derivative of 7*y**4/4 - y**2/2 + y - 1. Suppose a + 4*a - 5 = 0. Give i(a).
7
Let g(i) be the third derivative of 0*i + 2*i**2 - 1/60*i**5 + 0 + 1/24*i**4 - 4/3*i**3. Calculate g(0).
-8
Suppose 2 = 2*n + 8. Let w be 0/(-2) + n + 2. Let x = 0 - w. Let t(g) = -5*g**3 + g**2 - g + 1. What is t(x)?
-4
Let j(h) = -h. Let o(n) = 1. Let p(s) = j(s) - 5*o(s). Determine p(-6).
1
Let f(b) = -b - 1. Let d be (-1)/3*18*(-4)/(-8). Calculate f(d).
2
Let w(h) = -h**2 + 4*h - 4. Suppose j = -2*j